of 10 and s?
10
Let b(y) = y**3 + 7*y**2 + 3*y + 20. Let t be b(-6). What is the greatest common divisor of t and 95?
19
Suppose -9*p - 32 = -10*p. What is the highest common factor of p and 24?
8
Suppose 2*r + 2*q - 18 = 0, -4*r + 64 = -q + 23. Suppose 0 = -3*o + 65 - 5. What is the highest common factor of r and o?
10
Suppose -36 = -3*x + 54. Let o = 14 - 4. Calculate the greatest common divisor of x and o.
10
Let l be ((-28)/5)/(8/(-20)). Let t = 52 - 75. Let g = t + 37. What is the highest common factor of l and g?
14
Suppose 3*a = -a + 4*y + 72, 0 = a + 2*y - 33. What is the greatest common factor of a and 161?
23
Let r(y) = 11*y**2 - 4*y + 20. Let w be r(5). What is the highest common factor of w and 25?
25
Suppose 241 - 33 = 2*q. Calculate the highest common divisor of q and 13.
13
Let j(z) = 22*z**2 + 5*z + 1. Let u be j(5). Suppose -u = -5*g + g. Let s = -40 - -58. Calculate the highest common divisor of g and s.
18
Let i(v) = -3*v**2 + 4*v - 2. Let z be i(3). Let b = z - -30. Suppose -4*q + 56 = -j, 2*q - 18 = j - 3*j. What is the greatest common divisor of q and b?
13
Let k(m) be the first derivative of m**2/2 + 3*m - 2. Let g be k(9). What is the highest common divisor of 3 and g?
3
Let r(d) = d**2 - 6*d + 1. Let c be r(6). What is the greatest common divisor of 16 and c?
1
Let y(q) = -q**3 + 10*q**2 + 13*q - 11. Let h be y(11). What is the greatest common divisor of 88 and h?
11
Let v = -460 - -773. Suppose 263 = 4*u - 0*u - o, -5*u - 4*o = -v. Suppose 2*h - u = -3*h. Calculate the highest common divisor of h and 39.
13
Let a = 11 - 3. Suppose 5*m - 3*x = -2*x + 5, 2*x = 4*m + 2. Suppose 0 = -4*q - 8, 3*p + 5*q = 4 - m. Calculate the greatest common divisor of a and p.
4
Suppose -5*f + 4*n + 115 = 0, 5*n - 23 = -10*f + 9*f. Calculate the highest common divisor of f and 69.
23
Let s be (-3)/(((-9)/(-12))/(-1)). Suppose -s*x = -x - 12. What is the highest common factor of x and 4?
4
Suppose 914 = 4*f + 302. Calculate the greatest common divisor of f and 17.
17
Let p be -3*(-8)/12 - -34. Let k(y) = -11*y**3 + 2*y**2 - 1. Let c be k(-1). What is the highest common divisor of p and c?
12
Let q(y) = 23*y**3 + 2*y - 1. Suppose -4*j = -2*k + 4, -3*j - 1 + 0 = -k. Let a be q(j). What is the greatest common divisor of a and 8?
8
Suppose 0 = q - 3*h, -3*h - 33 + 3 = -3*q. What is the greatest common divisor of 15 and q?
15
Let z be 4/14 + (-267)/(-21). Let h = 252 + -109. What is the highest common divisor of z and h?
13
Let j(p) = p - 8. Let x be j(6). Let o be x/(5/((-135)/6)). What is the greatest common factor of 9 and o?
9
Let h = 38 - 16. Calculate the greatest common factor of 22 and h.
22
Let o = 822 - 393. Let q = -25 - -25. Suppose 3*p - o = -q*p. What is the greatest common divisor of 13 and p?
13
Let t(w) = w. Suppose -3*r = 2*c - 24, -27 = -r - r - 5*c. Let u be t(r). Let g be 1491/33 - u/33. Calculate the greatest common divisor of 15 and g.
15
Let q(k) = k**3 - 5*k**2 + 12*k - 3. Let m be q(3). What is the highest common factor of m and 15?
15
Suppose 4*o - 4*p - p = 68, -2*p + 28 = 3*o. What is the highest common factor of o and 24?
12
Suppose -3*x - i + 10 = -3*i, x = -4*i - 20. Let k be (-1)/((x - -2)/(-6)). Calculate the greatest common factor of k and 3.
3
Let j be 60 - 3/(18/30). Let a(o) = 51*o - 1. Let q be a(1). Suppose 0 = 2*h + 6 - q. Calculate the greatest common factor of j and h.
11
Suppose -7*n + 2773 = 981. Calculate the greatest common divisor of n and 16.
16
Let j be ((-30)/35)/(2/14). Let q(x) = -x**3 - 5*x**2 + 4*x - 8. Let b be q(j). Let n be (12 + -1)/1 + -1. What is the greatest common divisor of n and b?
2
Let p(b) = -7*b - 27. Let n be p(-6). Let g be (-673)/(-5) - 4/(-10). What is the highest common factor of n and g?
15
Let g(t) = -t + 35. Let z be g(17). Suppose -5*b = -4*m - 7, -2*m + b = 5*b - 16. Calculate the highest common divisor of m and z.
2
Let b be 0 - 3*3/(-9). Calculate the greatest common divisor of 11 and b.
1
Let l(r) = -r - 5. Let d be l(-7). Let v(s) = s**3 + 10*s**2 - 23*s + 15. Let b be v(-12). Calculate the highest common factor of b and d.
1
Let h = 0 + -6. Let z(m) = -m**3 - 7*m**2 - 7*m. Let g be z(h). What is the greatest common factor of g and 9?
3
Let n(o) = -o + 16. Let k be n(13). What is the greatest common factor of 27 and k?
3
Suppose -i + 15 = -z, 3*i + 5*z = -2 + 55. What is the greatest common factor of i and 176?
16
Suppose -4*f + 92 = -4*m, -4*f - 25 = 4*m - 109. What is the greatest common divisor of f and 11?
11
Suppose 0 = -4*l - 0*l - 12. Suppose 5*y - 310 - 50 = 5*a, 0 = -4*y + 5*a + 293. Let o = y + l. What is the greatest common divisor of 8 and o?
8
Let z(k) = -k**2 - 7*k - 1. Let j be z(-6). Suppose j*i = 25, 5*s - 4*i + 2*i = 10. Calculate the highest common divisor of 1 and s.
1
Suppose -3*f = -0 - 3, 5*s - 5*f = 310. Calculate the highest common factor of s and 9.
9
Let c(r) = r**2 + r + 2. Let n be c(-3). Suppose -4*t + 8*t - 96 = 0. What is the highest common factor of t and n?
8
Suppose 6*d - 53 = 2*d - l, 5*d - 4*l - 40 = 0. What is the highest common divisor of d and 132?
12
Let m be 2/2 - (-3 - 1). Suppose 13 = m*u - 17. Let x be (u/(-8))/((-3)/48). Calculate the highest common divisor of x and 84.
12
Let z(w) = -w**2 + 16*w + 20. Let j be z(14). Let i be (-2)/(-12) + 71/6. Calculate the greatest common divisor of i and j.
12
Suppose -2*q + 4 = -b + 2*b, b = 2*q + 24. Suppose 0*o = -5*o + 10. Suppose o = -2*v + 6. Calculate the greatest common divisor of v and b.
2
Suppose 0 = 3*t - 6*t + 2*v + 50, -5*t = 5*v - 75. What is the highest common divisor of t and 80?
16
Let w(v) = v**2 - v. Let g be w(-5). Calculate the greatest common factor of 12 and g.
6
Let c be 1/((-2)/(-144)*4). Suppose 5*s - 3*k = 807, 2*s = 2*k - 0*k + 322. Suppose 0 = -2*a + 3*a - s. What is the greatest common divisor of c and a?
18
Let l = 338 + -191. Calculate the greatest common factor of 42 and l.
21
Let d(x) = -2*x - 7. Let q be d(-5). Let n = 8 - q. Suppose -n*p + 5*o + 23 + 17 = 0, 40 = 3*p + 5*o. Calculate the greatest common factor of p and 5.
5
Suppose 2*a + 4*l = 20 + 32, 2 = 2*l. What is the greatest common factor of a and 120?
24
Suppose 2*u - 62 = 28. Let s be (2/3)/(6/u). Let t = s + 7. Calculate the highest common divisor of 3 and t.
3
Suppose 3*o - 9 = 3*l + 30, -3*l = -o + 17. Let j = 286 + -165. Calculate the greatest common divisor of o and j.
11
Suppose 0 = -3*d + 12, 3*a - 5*d - 11 = -d. Calculate the highest common divisor of 171 and a.
9
Suppose x = -4*x + 25. Calculate the greatest common factor of 55 and x.
5
Suppose -3*a + 47 = -4*t + 2*a, -5*t - 100 = 2*a. Let b = -8 - t. Calculate the greatest common divisor of b and 80.
10
Suppose 0 = 3*x - 9 - 21. Calculate the greatest common factor of x and 5.
5
Suppose -5*a - 190 = -7*a. What is the highest common divisor of 38 and a?
19
Suppose 2*f + 4*h - 83 = 121, 106 = f - 2*h. What is the highest common divisor of f and 13?
13
Suppose 2*p + 2*w = 4*w + 30, 4*p + w = 35. Suppose -4*y + 20 = -3*y. What is the greatest common factor of p and y?
10
Let x(k) = 0*k + 5 + 2 + k. Let m be x(-6). Suppose -16 = 4*r - 0*p + 4*p, -5*r = 2*p + 5. What is the greatest common divisor of r and m?
1
Suppose -5*y - o = -1038, 2*y + 3*y - 1044 = 2*o. Calculate the highest common factor of 26 and y.
26
Let v(g) = 2*g**2 - 8*g + 1. Let d be v(8). What is the highest common divisor of d and 13?
13
Let p be -2*3*3/18. Let x(i) = -316*i**3 + i. Let q be x(p). Suppose 5*a + u = 401, -4*a + 3*u + 2*u + q = 0. What is the highest common factor of a and 8?
8
Let a(q) be the first derivative of -q**3/3 + 3*q**2 - 4*q + 1. Let y be a(4). Suppose -y*x = -9 - 3. Calculate the greatest common factor of 21 and x.
3
Suppose 0 = -3*j + 4 + 2. Suppose 15 = 2*f - f + 5*h, j*h - 32 = -3*f. Let d = 5 + f. Calculate the highest common divisor of 135 and d.
15
Let f(v) = -v**3 + 4*v**2 + 9*v - 9. Let w be f(4). Let n be 2*2/4 + 2. What is the highest common divisor of w and n?
3
Suppose 3*l - 18 = 6. Let c be 2 - (-2)/(-3 - -1). Calculate the greatest common divisor of l and c.
1
Suppose 5*q = 5*y + 110, 5*q = 2*y + 107 + 6. Calculate the greatest common divisor of q and 253.
23
Let u(r) = 3*r - 1. Let t be u(7). Suppose 2*d - t = -0*d. Ca